3, 19
Suppose 5*t = -j + 14, -142 = -7*j + 4*j + 5*t. Suppose -5*z + 5*y = -0*y + 5, 36 = 4*z + 4*y. Suppose -z*h = -h - j. List the prime factors of h.
13
Suppose 53 = 4*y - 43. Let c = 42 - y. List the prime factors of c.
2, 3
Let v(f) = f**3 - f**2 - 5*f + 7. What are the prime factors of v(6)?
157
Suppose 0 = -4*t - 2*l + 3*l + 128, 0 = -4*t - 4*l + 108. List the prime factors of t.
31
Let x(s) be the second derivative of -s**5/20 + s**4/4 + 3*s**2/2 - 3*s. Let d be x(3). List the prime factors of d/(((-21)/18)/(-7)).
2, 3
Suppose 2*h - 90 = -3*h + 5*g, 2*h = -5*g + 57. List the prime factors of h.
3, 7
Suppose -5*i - 24 = -8*i. List the prime factors of i.
2
Let l = -20 + 9. Let d be (-1)/((-1)/9*-1). Let z = d - l. What are the prime factors of z?
2
Suppose 7 = -3*q + 85. Suppose 0 = -a - a - q. Let c = 30 + a. List the prime factors of c.
17
Let j be ((-24)/15)/((-4)/10). Let f = j + 0. List the prime factors of f.
2
Suppose 0*l = -2*l - 8. What are the prime factors of 1/(l/28*-1)?
7
Suppose r - 50 = -17. List the prime factors of r.
3, 11
Let v be 1/(-4) - 2/(-8). Let f = v + 2. Suppose -f*g + 5*l = -23, -2*g - l = -g - 8. What are the prime factors of g?
3
Let l = 6 + 33. What are the prime factors of l?
3, 13
Suppose -2*r - 2*r + 396 = -5*j, 412 = 4*r - j. What are the prime factors of r?
2, 13
Suppose -3*d + 35 = 2*a, 2 = 3*a - a. Let v = 23 - d. Suppose -3*s = -2*k - 2*s + 21, 4*s - v = 0. List the prime factors of k.
2, 3
Let q be (-70)/4*24/(-20). Suppose 4*x + 3*n - q = 0, x - 4*x + 3*n = 0. What are the prime factors of x?
3
Let b(c) = -c**3 - 4*c**2 + 6*c + 7. Let l be b(-5). List the prime factors of (2/(-1))/(l/(-4)).
2
Let c = 7 + -11. List the prime factors of (4/(-3))/(c/30).
2, 5
Let x = 61 - 20. Let y = x + -18. What are the prime factors of y?
23
Let l(x) = -x**3 - 16*x**2 - 21*x - 31. List the prime factors of l(-15).
59
Let f(q) = 65*q**2 - 3*q - 5. What are the prime factors of f(-2)?
3, 29
Let q(y) = -7 - 3 - y + 1. What are the prime factors of q(-16)?
7
Let l(f) be the third derivative of f**5/60 + f**4/24 + 2*f**3/3 + 2*f**2. Let i(z) = z**3 + 2*z**2 + 3*z + 3. Let v be i(-2). List the prime factors of l(v).
2, 5
Suppose 3*s - 2*s + 2 = 0. Let l = s - -4. List the prime factors of l - (-3 + (2 - 6)).
3
Let j be (-27)/((-6)/4 - 0). Suppose 3*x + j = 3*m, -x + 6*m = m + 22. What are the prime factors of 37/5 + x/5?
7
Let l = 2 - 4. Let r be (51/(-6))/(1/l). Let c = -12 + r. What are the prime factors of c?
5
Let q(w) = -2*w - 1. Suppose -4*k + 64 = -3*l, -2*k - 5*l + 0*l + 6 = 0. Suppose -5*t - k = 17. What are the prime factors of q(t)?
11
Let b = 122 + 222. What are the prime factors of b?
2, 43
Let q(h) = 2*h + 4. Let g be q(-6). Let r = 11 + g. Let l = 0 + r. List the prime factors of l.
3
Suppose -t - 2*r = -20, -r = -4*t + 52 + 46. List the prime factors of t.
2, 3
Let u be (-6)/(-4)*8/(-6). Let c be (-1 - u)/1 + 1. List the prime factors of (8/(-5))/(c/(-10)).
2
Let x be -1 + 1 - 40/(-10). Suppose -5 = x*g - 41. List the prime factors of g.
3
Let f be 0/(3/1) + 4. Suppose 5*k - w = 12, 2*k + k - f*w - 14 = 0. Suppose 5*g = k*g - 5*p - 11, 3*g - 2*p = 17. What are the prime factors of g?
3
Suppose -2*y = -7*y. Suppose y*g + 2 = -2*g. List the prime factors of (1 - g) + 0 + 1.
3
Suppose -4*r = -5*u - 103, 4*r + 4*u = 56 + 20. List the prime factors of r.
2, 11
Let w(j) = -j**3 - 17*j**2 + 18. What are the prime factors of w(-17)?
2, 3
Let q(r) = r**3 + 17*r**2 - 21*r + 16. List the prime factors of q(-18).
2, 5, 7
Suppose -u - 3*j = -135, 2*u + 2*u = -2*j + 550. Suppose 0 = 4*o + 4, -5*n + 24 = -2*o - u. List the prime factors of n.
2
Suppose -w + 5*f + 126 = w, f - 369 = -5*w. Let a = w - 43. Let r = a - 19. List the prime factors of r.
11
Let t = 305 - -116. List the prime factors of t.
421
Let b(r) = 12 + 12 - 25 - 2*r. Let x(p) = p**3 - 6*p**2 - 7. Let m be x(6). What are the prime factors of b(m)?
13
What are the prime factors of 1/(1 + ((-684)/345)/2)?
5, 23
Let c = -151 + 224. What are the prime factors of c?
73
Let x be (-3 + 2)/((-3)/12). Let h(l) = -6*l + l**2 + 3*l - x - 2 + 3. List the prime factors of h(5).
7
Let l = -36 - -17. Let o = l - -60. List the prime factors of o.
41
Let p be 14*2/(-6)*-3. Let f be (-4)/p + (-60)/(-14). Suppose 5*h + f*k - 54 = 0, -h - 4*h + 90 = -5*k. What are the prime factors of h?
2, 7
Let y = 104 - -19. What are the prime factors of y?
3, 41
Let n be (8/(-6))/((-6)/9). Let m = -17 - -20. Suppose -i - 4*z = 0, m*i = n*z - 0*z + 70. What are the prime factors of i?
2, 5
Let z(v) = 2*v**2 + 3*v + 7. Let w(d) = 3*d**2 + 6*d + 13. Let o be 0/((-4)/2) + 5. Let b(n) = o*z(n) - 3*w(n). List the prime factors of b(5).
2, 3
Let s(v) = v**2 - 9*v + 6. Suppose -3*k = -4*k + 31. Let x = k - 22. List the prime factors of s(x).
2, 3
Let v = -3 - -5. Let w = -53 - -53. Suppose w = m - v - 4. What are the prime factors of m?
2, 3
Let k = 254 + -1. What are the prime factors of k?
11, 23
Let w = -67 + 99. What are the prime factors of w?
2
List the prime factors of (52/(-4))/(1/(-2)*2).
13
Let j be (-2)/(6/51*-1). Suppose -5*k = -j - 8, 5*k = 2*v + 9. Let a(x) = x**3 - 7*x**2 - 6*x + 6. List the prime factors of a(v).
2, 11
Suppose 3*s = 4*j - 14, 2*j + 2*j + 4*s = 0. Let n = -27 + 25. List the prime factors of (-4)/n + 3*j.
2
Let y = 3 + 27. Suppose -y = -3*b + 5*w, 4*b - 2*w + 7*w = 75. List the prime factors of b.
3, 5
Let z = -3 + 6. Suppose 0 = -x + 3*y + z, 3*x + 2*y - 44 = -13. What are the prime factors of x?
3
Suppose -4*d = 3*y - 145, -5*y + 156 = -2*d - 51. List the prime factors of y.
43
Let h be 0/(0 - (-1 + -1)). Suppose 0 = -h*l + 5*l + 45. List the prime factors of 9/l*(1 - 11).
2, 5
Suppose 0 = -z - 4*z + 90. List the prime factors of z.
2, 3
Suppose -2*t + o = 8, 5*o + 6 = -4. Let z = -5 - t. Let k = 8 - z. What are the prime factors of k?
2
Let g be (-2 - -3)/((-1)/(-10)). Suppose a = -1 + g. What are the prime factors of a?
3
Suppose -4*q = -5*b + 48, -2*b + 4*q + 14 = 5*q. List the prime factors of b.
2
Let y(f) = -23*f - 18. List the prime factors of y(-5).
97
Suppose -q - 4*f = 8 - 28, 5*q - f = 205. Let w = 66 - q. List the prime factors of w.
2, 13
Let r(u) = -19*u - 32. List the prime factors of r(-5).
3, 7
Suppose -s + 30 = 5*n, 4*n - 4*s = -0*s. What are the prime factors of n?
5
Let n(d) = d**2 + 3*d + 1. Let q(j) = 1. Let h(c) = n(c) - 5*q(c). Let y be h(-5). What are the prime factors of (y/9)/((-6)/(-81))?
3
Let d(o) = o**2 + 5*o - 1. Let x be d(-6). Suppose 3*r + 31 - 132 = -4*p, -97 = -3*r - x*p. What are the prime factors of r/4 + (-4)/(-16)?
2, 5
Suppose 0 = 3*t + 2*t + k - 17, 10 = 5*k. Suppose 7*s - 36 = t*s. What are the prime factors of s?
3
Suppose 3*l - 5 = -2*s, 3*l - 5 - 25 = 3*s. Suppose -l*f + h = -f - 122, 0 = f - 4*h - 23. What are the prime factors of f?
31
Suppose -4*y - 2*q + 136 = -0*q, -q + 4 = 0. What are the prime factors of y?
2
Suppose -2*v = -3*v + 112. List the prime factors of v.
2, 7
Let v(k) = k**3 + 6*k**2 - 8*k - 6. Let t be v(-7). Suppose -4*s = t - 49. What are the prime factors of s?
2, 3
Suppose 0 = -5*s + 32 - 2. List the prime factors of s.
2, 3
Suppose 3 = 4*b - 9. Suppose 10 - 78 = -2*f + 4*w, -12 = b*w. Suppose 0 = 5*g - f - 14. List the prime factors of g.
2
Suppose 5*h + o = 26, -2*o - 6 = -2*h + 2*o. Suppose 5*a - h*v + 45 = 250, -4*a + 134 = 2*v. List the prime factors of a.
2, 3
Let k = -22 + -32. Let u = k + 76. What are the prime factors of u?
2, 11
Suppose -1238 = -13*c + 1050. List the prime factors of c.
2, 11
Let q = 53 + -51. What are the prime factors of q?
2
Let w = 13 + -23. Let p = 6 + w. Let k = p + 7. What are the prime factors of k?
3
Suppose 2*a - 40 + 6 = 0. Let l(u) = u**2 + 10*u + 2. Let g be l(-10). Suppose d - 2*d - g*t + a = 0, -5*d + 3*t = -20. What are the prime factors of d?
7
What are the prime factors of (4/6)/((-3)/(-18))?
2
Let c = 36 + -14. Suppose -4*u - 2 + c = 0. What are the prime factors of u?
5
Let p be 1/(-4) - 27/(-12). Let c(s) = s - 2 - 3*s**2 + 5*s**p - s**3 + 3*s**2 - 3*s**2. List the prime factors of c(-2).
2, 3
Suppose 0 = 4*i + 2*k - 349 - 71, -5*i + 525 = -4*k. What are the prime factors of i?
3, 5, 7
Let s(u) be the first derivative of u**3/3 - u**2/2 - 2.